at is the highest common factor of 84 and o?
21
Suppose 31*u + 770 = 36*u. What is the greatest common factor of u and 33?
11
Let s be ((-40)/16)/(2/(-8)). Let r be ((-12)/10)/(s/(-175)). What is the highest common divisor of 147 and r?
21
Let r = -3151 + 4633. What is the greatest common factor of r and 228?
114
Let l = 123 - 99. Suppose 36 = 5*j - 84. What is the greatest common divisor of j and l?
24
Let t = 13 + -8. Suppose -2*p + 5*g + 20 = -t, -2*g = p + 10. Let s be (p - (-72)/4) + -2. Calculate the greatest common divisor of 144 and s.
16
Let u = -9 + 6. Let d(t) = -4 + 3 + 3*t**2 + 6*t + 0*t**2 + t**3 - 10*t. Let z be d(u). What is the highest common factor of z and 121?
11
Let x(b) = 14*b**2 - 1. Let l be x(-1). Suppose u = 2*u - 117. What is the highest common divisor of l and u?
13
Suppose -3 = -3*r - 6. Let c = 4 + r. Suppose -4*h + 27 = 2*z + 5, -h + c*z = -9. Calculate the greatest common factor of h and 30.
6
Let a(q) be the first derivative of q**3 + 8*q**2 - 12*q + 15. Let s be a(-9). Calculate the highest common divisor of s and 29.
29
Suppose 4*a = g + 3*g + 72, -5*g = 4*a - 99. Let z be (183 + -2 + 1)/((-180)/(-270)). Calculate the greatest common factor of a and z.
21
Suppose 0 = 11*f - 7*f - 56. Suppose 54 = -8*q + f*q. What is the highest common divisor of q and 117?
9
Suppose -2*y + 164 = 3*a, 2*y - a = -6*a + 156. Suppose -7*i - 55 = -12*i. Calculate the greatest common factor of y and i.
11
Suppose 0 = 5*x - 5 - 20. Let a be 376/16 + (0 - 9/(-6)). What is the highest common divisor of a and x?
5
Suppose -20 = -q + 3*s, -21 - 47 = -5*q - s. Let z be 27*(840/18)/10. Calculate the greatest common factor of q and z.
14
Let z(j) = -j + 156. Let s be z(0). Suppose -o - 3*n - 2*n + 64 = 0, -3*o + s = 3*n. Calculate the greatest common factor of 7 and o.
7
Let h(v) = -11*v**3 - 3*v**2 + 2*v + 7. Let w be h(7). Let s be 2/(-15) - w/105. Calculate the greatest common divisor of 296 and s.
37
Suppose 6*k - 2*k - 16 = 0. Let l = 68 - 66. Let j be 41 - l*6/(-4). What is the greatest common divisor of k and j?
4
Let s = -41 - -54. Calculate the greatest common factor of s and 91.
13
Let u be 207 + 5 + 3*56/(-21). Calculate the greatest common factor of u and 24.
12
Let q be 92*8/(-48)*-63. Calculate the highest common divisor of 84 and q.
42
Let o = 18 + 0. Let v(n) = n + 13. Let y be v(5). Calculate the greatest common factor of y and o.
18
Suppose -2*v - 2 = -3*v. Suppose v*i - 78 = 5*w - 263, -2*w + i = -73. Calculate the greatest common divisor of 65 and w.
13
Suppose 2*c = 2*b - 1532, -4*b + 16*c - 13*c = -3063. What is the greatest common factor of 153 and b?
153
Let j(k) = 22*k**2 + 21*k + 153. Let f be j(-8). What is the highest common divisor of 7 and f?
7
Let w = -61 - -50. Let x(u) = -u + 11. Let c be x(w). Calculate the greatest common factor of c and 11.
11
Let y(i) = i**3 + 24*i**2 + 43*i - 15. Let d be y(-22). What is the highest common divisor of 301 and d?
7
Let b be 6/5 + (-178)/(-10). Calculate the greatest common factor of b and 76.
19
Let k = 153 + -147. What is the highest common factor of 474 and k?
6
Suppose 69*g - 74*g = -120. What is the greatest common factor of g and 6?
6
Let c(w) = 3*w**3 - 14*w**2 + 5*w + 16. Let u be c(5). What is the greatest common factor of 42 and u?
6
Let h(s) = -s**3 - 13*s**2 + 15*s + 9. Let x be h(-15). What is the highest common divisor of x and 54?
18
Suppose 3*n = -2*n + 245. Let k = -35 + n. Calculate the greatest common factor of 35 and k.
7
Let p = 5 - 2. Let c be 9 + -3 + (p - 0). Let i = c - 0. What is the highest common factor of i and 1?
1
Suppose -2*i + 68 = s, -2*s - 3*i + 4*i = -161. Let t = 122 - 152. Let c = t + s. What is the greatest common factor of 120 and c?
24
Suppose -39*h + 143200 = 61*h. Calculate the greatest common divisor of h and 16.
8
Let x(o) = 13*o**2 + 7*o - 73. Let t be x(5). Calculate the greatest common divisor of 164 and t.
41
Suppose -4*u = 2*u - 30. Let h be 1 + (-7)/u - (-6786)/90. Calculate the highest common factor of 30 and h.
15
Suppose -f + 2*z = 7, -f + 61 = -6*f - 3*z. Let m be (26/(-4) - 0)/(f/44). Calculate the greatest common factor of m and 52.
26
Let d be -45*(-1 + 4/(-6)). Let a(f) = f**3 + 7*f**2 + 6*f + 3. Let b be a(-6). Suppose 45 = b*u - 30. What is the greatest common divisor of u and d?
25
Suppose 7*y = 17*y - 30. Let z(v) be the first derivative of v**3/3 + v**2 - 3*v - 1. Let b be z(4). What is the highest common factor of b and y?
3
Suppose -180 = -5*x + 3*i, -x - x + 5*i = -91. Let t be x + 2 - (0 + -1). Calculate the greatest common divisor of t and 24.
12
Let x = -702 - -716. What is the greatest common divisor of x and 224?
14
Suppose p + 3*u + 3 - 84 = 0, u = 0. Calculate the highest common divisor of 3 and p.
3
Suppose -25 = 30*t - 35*t. Let o(m) = m**3 - 4*m**2 + 7*m - 12. Let x be o(t). Calculate the greatest common divisor of x and 16.
16
Let a = -13 + 20. Suppose n + a = 18. Let h = n + 1. What is the highest common divisor of 24 and h?
12
Let a = 58 - 25. Let w be (-40)/(-135)*a - (-4)/18. Calculate the greatest common factor of 70 and w.
10
Suppose q = 5*q - 3*z - 169, -4*z - 172 = -4*q. Calculate the greatest common factor of q and 8.
8
Suppose -36*t = -44*t + 40. What is the greatest common factor of t and 815?
5
Suppose 12*y - 2990 = 34. Calculate the greatest common divisor of 72 and y.
36
Suppose -3*u = 3*a, -3*u + 21 = -7*a + 3*a. Calculate the greatest common divisor of 111 and u.
3
Let o(w) = -68*w - 38. Let a be o(-6). Suppose -6*i = 4*i - a. Calculate the highest common factor of 74 and i.
37
Let w(f) be the second derivative of -2*f**3/3 + 21*f**2 + 15*f. Let s be w(8). Calculate the greatest common factor of 30 and s.
10
Let a be ((-126)/(-35))/((-2)/(-45)). Let p(w) = -w**3 - 18*w**2 + 9. Let i be p(-18). Calculate the highest common factor of a and i.
9
Let a(j) = 124*j - 1. Let u be a(-1). Let r = u + 143. Calculate the greatest common divisor of r and 252.
18
Let k = -2626 - -3874. Calculate the greatest common divisor of k and 96.
96
Let t(c) = -6*c + 118. Let l be t(11). Calculate the greatest common factor of 16 and l.
4
Let g be (1 - 3) + 0 - (-252)/14. Let r(h) = 6*h**2 + 16. Let u be r(-4). Calculate the highest common divisor of u and g.
16
Let q be (-1 + -15)/(3/(-3)). Let c(w) = w - 3. Let p be c(6). Suppose 132 = d - 2*i, p*d - 380 = 2*i - 4*i. What is the highest common divisor of q and d?
16
Let d = 15689 + -15659. Let t(j) = -j**2 - 5*j - 1. Let h be t(-6). Let u = h - -17. Calculate the highest common divisor of u and d.
10
Suppose -3*c - 25 + 205 = 0. Let y(t) = -32*t - 8. Let j be y(-1). What is the greatest common divisor of j and c?
12
Let n = 4244 + -4213. Let x = 59 - -3. What is the highest common factor of x and n?
31
Let o = 8 + -4. Let l(n) = n**3 + 6*n**2 + 3*n - 2. Let v be l(-2). What is the highest common factor of v and o?
4
Suppose -2*w + 0*w = -68. Suppose 0 = -5*z + w - 9. Suppose -4 = z*q - 7*q. Calculate the highest common factor of 8 and q.
2
Suppose 0 = -18*u + 88*u - 18270. Calculate the highest common divisor of 696 and u.
87
Let z be 233 + 49 - (-6)/1. Suppose -46 = -4*f + 98. Calculate the highest common divisor of f and z.
36
Suppose -8 = -2*x, -b - 5*x = -16 - 5. Let y be 30/2 + (-1)/b. Let d be ((-7)/3)/(4 + (-26)/6). Calculate the greatest common divisor of d and y.
7
Suppose 2*d + 10 = 4*p, -4*d - 21 + 56 = 3*p. Let v be (-7)/((-7)/6)*d. Suppose -3*i + 369 = 9. What is the highest common divisor of v and i?
30
Let y(z) be the second derivative of z**4/6 + 4*z**3/3 + 4*z**2 + 11*z. Let s be y(-6). What is the highest common factor of s and 48?
16
Let h be 42 - (1 - 0/(-1)). Let t be 116235/126*(-4)/(-10). What is the highest common factor of h and t?
41
Let r be (-4)/6 + 14/21. Suppose 5*g + 4*s = 346, g + s = -r*g + 70. Let n(a) = 2*a**2 - 2. Let x be n(-2). What is the highest common divisor of x and g?
6
Let p(n) = 8*n**2 - 236*n - 36. Let r be p(30). Calculate the highest common divisor of r and 1064.
28
Suppose o - 25 = -3*s + 3, -o = -3*s - 16. Let d = -789 + 877. What is the highest common divisor of o and d?
22
Let c = -140 + 249. Let s = -73 + c. Let x = -521 - -530. What is the highest common divisor of s and x?
9
Let k = 309 + -3